{"id":1866,"date":"2025-11-13T16:58:47","date_gmt":"2025-11-13T15:58:47","guid":{"rendered":"https:\/\/neuromotiva.es\/lms\/?post_type=product&#038;p=1866"},"modified":"2025-11-13T22:55:15","modified_gmt":"2025-11-13T21:55:15","slug":"coleccion-metodo-ten","status":"publish","type":"product","link":"https:\/\/neuromotiva.es\/lms\/producto\/coleccion-metodo-ten\/","title":{"rendered":"Colecci\u00f3n M\u00e9todo TEN de Aprendizaje Acelerado (PDF)"},"content":{"rendered":"","protected":false},"excerpt":{"rendered":"<p><strong>OFERTA<\/strong>\u00a0<strong> 9<\/strong> <strong>LIBROS + 1 GRATIS<br \/>\n<\/strong><\/p>\n<p>\u00bfTe pasas el d\u00eda estudiando y no alcanzas los resultados deseados? \u00bfA veces no sabes por d\u00f3nde empezar? \u00bfQuieres m\u00e1s tiempo libre para dedicar a lo que realmente te gusta?\u00bfBuscas aqu\u00ed y all\u00e1 trucos que te faciliten el estudio?&#8230;<br \/>\nTu soluci\u00f3n es la <strong>Colecci\u00f3n M\u00e9todo TEN de Aprendizaje Acelerado<\/strong> donde te ense\u00f1amos a dominar las <strong>10 herramientas definitivas<\/strong> para un <strong>estudio eficiente, significativo y duradero <\/strong>que cambiar\u00e1n tu vida:<\/p>\n<ul>\n<li><a href=\"https:\/\/neuromotiva.es\/lms\/producto\/activa-tu-cerebro\/\"><strong>01. <u>ACTIVA TU CEREBRO<\/u>.<\/strong><em> Aprende a aprovechar todo su potencial<\/em><\/li>\n<li><a href=\"https:\/\/neuromotiva.es\/lms\/producto\/estilos-aprendizaje-vak\/\"><strong>02. <u>ESTILOS APRENDIZAJE VAK<\/u>.<\/strong><em> Descubre cu\u00e1l es el tuyo<\/em><\/a><\/li>\n<li><a href=\"https:\/\/neuromotiva.es\/lms\/producto\/lectura-veloz\/\"><strong>03. <u>LECTURA VELOZ<\/u>.<\/strong><em> Ejercicios de entrenamiento<\/em><\/a><\/li>\n<li><a href=\"https:\/\/neuromotiva.es\/lms\/producto\/palabras-clave\/\"><strong>04. <u>PALABRAS CLAVE<\/u>.<\/strong><em> Aprende a filtrar la informaci\u00f3n<\/em><\/a><\/li>\n<li><a href=\"https:\/\/neuromotiva.es\/lms\/producto\/metodo-narrador\/\"><strong>05. <u>M\u00c9TODO NARRADOR<\/u>.<\/strong><em> A tu cerebro le gustan las historias<\/em><\/a><\/li>\n<li><a href=\"https:\/\/neuromotiva.es\/lms\/producto\/mapas-mentales\/\"><strong>06. <u>MAPAS MENTALES<\/u>.<\/strong><em> A tu cerebro le gustan las im\u00e1genes<\/em><\/a><\/li>\n<li><a href=\"https:\/\/neuromotiva.es\/lms\/producto\/dibujo-sintetico-refuerzo-auditivo\/\"><strong>07. <u>DIBUJO SINT\u00c9TICO y REFUERZO AUDITIVO<\/u>.<\/strong><em> Combina los canales VAK<\/em><\/a><\/li>\n<li><a href=\"https:\/\/neuromotiva.es\/lms\/producto\/metodo-loci\/\"><strong>08. <u>M\u00c9TODO LOCI<\/u>.<\/strong><em> Memoriza con tu GPS natural<\/em><\/a><\/li>\n<li><a href=\"https:\/\/neuromotiva.es\/lms\/producto\/metodo-herigone\/\"><strong>09. <u>M\u00c9TODO HERIGONE<\/u>.<\/strong><em> Recuerda fechas y datos num\u00e9ricos<\/em><\/a><\/li>\n<li><a href=\"https:\/\/neuromotiva.es\/lms\/producto\/planificacion-organizacion\/\"><strong>10. <u>PLANIFICACI\u00d3N y ORGANIZACI\u00d3N<\/u>.<\/strong><em> Optimiza tu tiempo<\/em><\/a><\/li>\n<\/ul>\n<p>Las t\u00e9cnicas y herramientas explicadas son aptas para <strong>cualquier edad y tipo de estudio<\/strong> (primaria, secundaria, universidad, oposiciones).<\/p>\n<p>En <strong>CADA LIBRO<\/strong> encontrar\u00e1s un <strong>REGALO<\/strong> (din\u00e1micas, v\u00eddeos, audios, plantillas, &#8230;) para que pongas todo lo aprendido en pr\u00e1ctica desde hoy mismo.<\/p>\n<p>El Aprendizaje Acelerado se basa en la eficiencia, es decir, conseguir <strong>ESTUDIAR M\u00c1S y MEJOR en MENOS TIEMPO<\/strong> y as\u00ed disfrutar eses momentos como t\u00fa quieras. Las diez publicaciones de esta colecci\u00f3n se han redactado de forma que se pueden adquirir como un <strong>pack<\/strong> donde se desarrollan todas las herramientas del m\u00e9todo TEN de Aprendizaje Acelerado de Neuromotiva\u00ae o de <strong>forma individual<\/strong> para que las adaptes a tus propias necesidades.<\/p>\n<p><em>(Haz click sobre cada libro si quieres SABER M\u00c1S)<\/em><\/p>\n<p><a class=\"enlace-carrito\" href=\"https:\/\/neuromotiva.es\/lms\/carrito\/?add-to-cart=1866\"><strong>A\u00f1adir al carrito<\/strong><\/a><\/p>\n","protected":false},"featured_media":2294,"comment_status":"open","ping_status":"closed","template":"","meta":{"site-sidebar-layout":"default","site-content-layout":"default","ast-site-content-layout":"default","site-content-style":"default","site-sidebar-style":"default","ast-global-header-display":"","ast-banner-title-visibility":"","ast-main-header-display":"","ast-hfb-above-header-display":"","ast-hfb-below-header-display":"","ast-hfb-mobile-header-display":"","site-post-title":"","ast-breadcrumbs-content":"","ast-featured-img":"","footer-sml-layout":"","theme-transparent-header-meta":"default","adv-header-id-meta":"","stick-header-meta":"","header-above-stick-meta":"","header-main-stick-meta":"","header-below-stick-meta":"","astra-migrate-meta-layouts":"set","ast-page-background-enabled":"default","ast-page-background-meta":{"desktop":{"background-color":"","background-image":"","background-repeat":"repeat","background-position":"center center","background-size":"auto","background-attachment":"scroll","background-type":"","background-media":"","overlay-type":"","overlay-color":"","overlay-opacity":"","overlay-gradient":""},"tablet":{"background-color":"","background-image":"","background-repeat":"repeat","background-position":"center center","background-size":"auto","background-attachment":"scroll","background-type":"","background-media":"","overlay-type":"","overlay-color":"","overlay-opacity":"","overlay-gradient":""},"mobile":{"background-color":"","background-image":"","background-repeat":"repeat","background-position":"center center","background-size":"auto","background-attachment":"scroll","background-type":"","background-media":"","overlay-type":"","overlay-color":"","overlay-opacity":"","overlay-gradient":""}},"ast-content-background-meta":{"desktop":{"background-color":"var(--ast-global-color-5)","background-image":"","background-repeat":"repeat","background-position":"center center","background-size":"auto","background-attachment":"scroll","background-type":"","background-media":"","overlay-type":"","overlay-color":"","overlay-opacity":"","overlay-gradient":""},"tablet":{"background-color":"var(--ast-global-color-5)","background-image":"","background-repeat":"repeat","background-position":"center center","background-size":"auto","background-attachment":"scroll","background-type":"","background-media":"","overlay-type":"","overlay-color":"","overlay-opacity":"","overlay-gradient":""},"mobile":{"background-color":"var(--ast-global-color-5)","background-image":"","background-repeat":"repeat","background-position":"center center","background-size":"auto","background-attachment":"scroll","background-type":"","background-media":"","overlay-type":"","overlay-color":"","overlay-opacity":"","overlay-gradient":""}}},"product_brand":[],"product_cat":[31],"product_tag":[],"class_list":{"0":"post-1866","1":"product","2":"type-product","3":"status-publish","4":"has-post-thumbnail","6":"product_cat-libros","7":"desktop-align-left","8":"tablet-align-left","9":"mobile-align-left","11":"first","12":"instock","13":"featured","14":"downloadable","15":"sold-individually","16":"taxable","17":"shipping-taxable","18":"purchasable","19":"product-type-simple"},"_links":{"self":[{"href":"https:\/\/neuromotiva.es\/lms\/wp-json\/wp\/v2\/product\/1866","targetHints":{"allow":["GET"]}}],"collection":[{"href":"https:\/\/neuromotiva.es\/lms\/wp-json\/wp\/v2\/product"}],"about":[{"href":"https:\/\/neuromotiva.es\/lms\/wp-json\/wp\/v2\/types\/product"}],"replies":[{"embeddable":true,"href":"https:\/\/neuromotiva.es\/lms\/wp-json\/wp\/v2\/comments?post=1866"}],"wp:featuredmedia":[{"embeddable":true,"href":"https:\/\/neuromotiva.es\/lms\/wp-json\/wp\/v2\/media\/2294"}],"wp:attachment":[{"href":"https:\/\/neuromotiva.es\/lms\/wp-json\/wp\/v2\/media?parent=1866"}],"wp:term":[{"taxonomy":"product_brand","embeddable":true,"href":"https:\/\/neuromotiva.es\/lms\/wp-json\/wp\/v2\/product_brand?post=1866"},{"taxonomy":"product_cat","embeddable":true,"href":"https:\/\/neuromotiva.es\/lms\/wp-json\/wp\/v2\/product_cat?post=1866"},{"taxonomy":"product_tag","embeddable":true,"href":"https:\/\/neuromotiva.es\/lms\/wp-json\/wp\/v2\/product_tag?post=1866"}],"curies":[{"name":"wp","href":"https:\/\/api.w.org\/{rel}","templated":true}]}}