{"id":900,"date":"2019-07-19T12:11:39","date_gmt":"2019-07-19T10:11:39","guid":{"rendered":"https:\/\/neuromotiva.es\/lms\/?post_type=product&#038;p=900"},"modified":"2025-10-11T10:09:09","modified_gmt":"2025-10-11T08:09:09","slug":"curso-abaco-japones-multiplicacion-division","status":"publish","type":"product","link":"https:\/\/neuromotiva.es\/lms\/producto\/curso-abaco-japones-multiplicacion-division\/","title":{"rendered":"Curso \u00c1baco Japon\u00e9s \u2013 Multiplicaci\u00f3n y Divisi\u00f3n"},"content":{"rendered":"","protected":false},"excerpt":{"rendered":"<p>Con este curso aprender\u00e1s el manejo del \u00e1baco japon\u00e9s para todas las operaciones de multiplicaci\u00f3n y divisi\u00f3n.<\/p>\n<p>El curso de \u00e1baco japon\u00e9s online de Neuromotiva te permite aprender forma c\u00f3moda y sencilla, desde donde quieras y a tu propio ritmo. En las diferentes lecciones podr\u00e1s encontrar diferentes tipos de material did\u00e1ctico espec\u00edfico desarrollado por especialistas para realizar un aprendizaje integral que entrene y refuerce los tres principales canales de aprendizaje: visual (v\u00eddeos), auditivo (operaciones orales) y kinest\u00e9sico (pdf con operaciones de entrenamiento). Una vez completado el curso podr\u00e1s descargarte un certificado del curso avalado por Neuromotiva<strong>\u00ae<\/strong>.<\/p>\n<p>Una vez adquirido tu curso, dispones de 3 meses de acceso ilimitado a todo el material del curso (pdf, v\u00eddeos y audios) y consulta de tutor\u00edas para la realizaci\u00f3n del mismo.<\/p>\n<p>Comienza ya a entrenar tu cerebro con esta fant\u00e1stica herramienta, que te ayudar\u00e1 a mejorar tu capacidad de concentraci\u00f3n y c\u00e1lculo matem\u00e1tico.<br \/>\n<a href=\"https:\/\/neuromotiva.es\/curso\/curso-online-abaco-japones-soroban-2\/\"><b>+ INFO CURSO \u00c1BACO ONLINE<\/b><\/a><\/p>\n","protected":false},"featured_media":1192,"comment_status":"open","ping_status":"closed","template":"","meta":{"site-sidebar-layout":"default","site-content-layout":"default","ast-site-content-layout":"default","site-content-style":"default","site-sidebar-style":"default","ast-global-header-display":"","ast-banner-title-visibility":"","ast-main-header-display":"","ast-hfb-above-header-display":"","ast-hfb-below-header-display":"","ast-hfb-mobile-header-display":"","site-post-title":"","ast-breadcrumbs-content":"","ast-featured-img":"","footer-sml-layout":"","theme-transparent-header-meta":"default","adv-header-id-meta":"","stick-header-meta":"","header-above-stick-meta":"","header-main-stick-meta":"","header-below-stick-meta":"","astra-migrate-meta-layouts":"set","ast-page-background-enabled":"default","ast-page-background-meta":{"desktop":{"background-color":"","background-image":"","background-repeat":"repeat","background-position":"center center","background-size":"auto","background-attachment":"scroll","background-type":"","background-media":"","overlay-type":"","overlay-color":"","overlay-opacity":"","overlay-gradient":""},"tablet":{"background-color":"","background-image":"","background-repeat":"repeat","background-position":"center center","background-size":"auto","background-attachment":"scroll","background-type":"","background-media":"","overlay-type":"","overlay-color":"","overlay-opacity":"","overlay-gradient":""},"mobile":{"background-color":"","background-image":"","background-repeat":"repeat","background-position":"center center","background-size":"auto","background-attachment":"scroll","background-type":"","background-media":"","overlay-type":"","overlay-color":"","overlay-opacity":"","overlay-gradient":""}},"ast-content-background-meta":{"desktop":{"background-color":"var(--ast-global-color-5)","background-image":"","background-repeat":"repeat","background-position":"center center","background-size":"auto","background-attachment":"scroll","background-type":"","background-media":"","overlay-type":"","overlay-color":"","overlay-opacity":"","overlay-gradient":""},"tablet":{"background-color":"var(--ast-global-color-5)","background-image":"","background-repeat":"repeat","background-position":"center center","background-size":"auto","background-attachment":"scroll","background-type":"","background-media":"","overlay-type":"","overlay-color":"","overlay-opacity":"","overlay-gradient":""},"mobile":{"background-color":"var(--ast-global-color-5)","background-image":"","background-repeat":"repeat","background-position":"center center","background-size":"auto","background-attachment":"scroll","background-type":"","background-media":"","overlay-type":"","overlay-color":"","overlay-opacity":"","overlay-gradient":""}}},"product_brand":[],"product_cat":[25],"product_tag":[],"class_list":{"0":"post-900","1":"product","2":"type-product","3":"status-publish","4":"has-post-thumbnail","6":"product_cat-formacion-online","7":"desktop-align-left","8":"tablet-align-left","9":"mobile-align-left","11":"first","12":"instock","13":"sale","14":"sold-individually","15":"taxable","16":"shipping-taxable","17":"purchasable","18":"product-type-simple"},"_links":{"self":[{"href":"https:\/\/neuromotiva.es\/lms\/wp-json\/wp\/v2\/product\/900","targetHints":{"allow":["GET"]}}],"collection":[{"href":"https:\/\/neuromotiva.es\/lms\/wp-json\/wp\/v2\/product"}],"about":[{"href":"https:\/\/neuromotiva.es\/lms\/wp-json\/wp\/v2\/types\/product"}],"replies":[{"embeddable":true,"href":"https:\/\/neuromotiva.es\/lms\/wp-json\/wp\/v2\/comments?post=900"}],"wp:featuredmedia":[{"embeddable":true,"href":"https:\/\/neuromotiva.es\/lms\/wp-json\/wp\/v2\/media\/1192"}],"wp:attachment":[{"href":"https:\/\/neuromotiva.es\/lms\/wp-json\/wp\/v2\/media?parent=900"}],"wp:term":[{"taxonomy":"product_brand","embeddable":true,"href":"https:\/\/neuromotiva.es\/lms\/wp-json\/wp\/v2\/product_brand?post=900"},{"taxonomy":"product_cat","embeddable":true,"href":"https:\/\/neuromotiva.es\/lms\/wp-json\/wp\/v2\/product_cat?post=900"},{"taxonomy":"product_tag","embeddable":true,"href":"https:\/\/neuromotiva.es\/lms\/wp-json\/wp\/v2\/product_tag?post=900"}],"curies":[{"name":"wp","href":"https:\/\/api.w.org\/{rel}","templated":true}]}}